t is the greatest common factor of 540 and 15?
15
What is the highest common divisor of 29 and 870?
29
What is the greatest common factor of 96 and 2592?
96
Calculate the highest common factor of 26 and 221.
13
Calculate the greatest common factor of 52 and 40.
4
Calculate the greatest common factor of 1407 and 63.
21
Calculate the highest common divisor of 22655 and 69.
23
Calculate the greatest common divisor of 18 and 621.
9
What is the highest common factor of 3 and 76?
1
Calculate the highest common factor of 24 and 888.
24
Calculate the greatest common divisor of 184 and 25576.
184
What is the highest common divisor of 645 and 60?
15
What is the greatest common divisor of 12 and 132?
12
Calculate the highest common divisor of 702 and 52.
26
Calculate the greatest common factor of 42 and 1148.
14
Calculate the greatest common factor of 120 and 680.
40
What is the greatest common divisor of 249 and 17098?
83
Calculate the highest common factor of 92 and 12.
4
What is the highest common divisor of 36 and 45?
9
Calculate the highest common factor of 361 and 475.
19
Calculate the highest common factor of 8 and 1928.
8
Calculate the highest common divisor of 7 and 3493.
7
What is the highest common factor of 1465 and 5567?
293
What is the greatest common factor of 136 and 374?
34
Calculate the greatest common factor of 30 and 135.
15
What is the greatest common factor of 64 and 2368?
64
Calculate the highest common factor of 406 and 1073.
29
What is the highest common factor of 4448 and 6?
2
What is the highest common divisor of 748 and 704?
44
Calculate the highest common factor of 57830 and 30.
10
Calculate the greatest common divisor of 5 and 55.
5
What is the greatest common divisor of 72 and 288?
72
Calculate the highest common divisor of 230 and 13340.
230
Calculate the greatest common factor of 124 and 8.
4
What is the highest common divisor of 26311 and 83?
83
What is the greatest common divisor of 168 and 3864?
168
Calculate the highest common factor of 69 and 13593.
69
What is the highest common factor of 6293 and 145?
29
What is the highest common factor of 19431 and 153?
153
What is the greatest common divisor of 52 and 1066?
26
What is the highest common factor of 290 and 1885?
145
Calculate the greatest common divisor of 68 and 20.
4
What is the highest common factor of 8 and 36?
4
What is the highest common factor of 11 and 16291?
11
Calculate the greatest common divisor of 372 and 5487.
93
Calculate the greatest common divisor of 836 and 88.
44
Calculate the highest common divisor of 42 and 798.
42
Calculate the greatest common factor of 15 and 16845.
15
Calculate the highest common factor of 94 and 2.
2
What is the highest common divisor of 101 and 4141?
101
Calculate the greatest common divisor of 156 and 48.
12
What is the greatest common divisor of 92 and 92?
92
Calculate the greatest common factor of 1 and 2131.
1
Calculate the highest common factor of 928 and 1044.
116
What is the greatest common divisor of 60 and 1152?
12
What is the highest common divisor of 528 and 7788?
132
What is the highest common factor of 636 and 120?
12
Calculate the greatest common factor of 176 and 396.
44
Calculate the highest common factor of 250 and 175.
25
Calculate the highest common divisor of 17 and 8942.
17
What is the highest common divisor of 58 and 58?
58
Calculate the greatest common divisor of 70 and 8400.
70
Calculate the highest common factor of 511 and 56.
7
What is the greatest common divisor of 123 and 18?
3
What is the greatest common factor of 22 and 803?
11
What is the greatest common divisor of 66 and 1914?
66
What is the greatest common divisor of 378 and 399?
21
Calculate the greatest common factor of 252 and 336.
84
What is the highest common divisor of 5025 and 201?
201
What is the highest common divisor of 25 and 15?
5
Calculate the highest common factor of 150 and 6.
6
What is the greatest common divisor of 144 and 56?
8
What is the highest common divisor of 2156 and 98?
98
What is the greatest common divisor of 324 and 132?
12
What is the highest common factor of 175 and 400?
25
Calculate the highest common divisor of 1003 and 17.
17
Calculate the highest common factor of 88 and 869.
11
What is the highest common divisor of 9 and 3303?
9
What is the greatest common divisor of 2408 and 1792?
56
Calculate the greatest common factor of 549 and 9.
9
Calculate the highest common divisor of 10 and 1585.
5
What is the highest common factor of 64 and 3016?
8
What is the highest common divisor of 92 and 2?
2
Calculate the highest common divisor of 70 and 1988.
14
Calculate the greatest common factor of 67 and 5829.
67
What is the greatest common divisor of 145 and 116?
29
What is the greatest common divisor of 549 and 81?
9
What is the highest common factor of 132 and 1914?
66
What is the greatest common divisor of 41 and 287?
41
What is the greatest common factor of 480 and 60?
60
What is the greatest common divisor of 24 and 24?
24
What is the greatest common factor of 150 and 7275?
75
Calculate the greatest common factor of 356 and 4.
4
Calculate the greatest common factor of 289 and 136.
17
Calculate the greatest common divisor of 611 and 13.
13
What is the highest common factor of 24 and 56?
8
What is the greatest common divisor of 3675 and 45?
15
What is the greatest common divisor of 38840 and 160?
40
What is the highest common divisor of 11 and 165?
11
What is the highest common divisor of 17 and 14059?
17
What is the highest common factor of 22401 and 171?
171
What is the greatest common divisor of 8 and 6172?
4
Calculate the highest common divisor of 1065 and 45.
15
Calculate the highest common divisor of 48 and 342.
6
What is the greatest common factor of 380 and 3990?
190
Calculate the highest common divisor of 74 and 1702.
74
Calculate the greatest common divisor of 360 and 1980.
180
Calculate the highest common factor of 24 and 5436.
12
What is the greatest common divisor of 160 and 50?
10
What is the highest common divisor of 60 and 105?
15
Calculate the highest common factor of 33 and 55.
11
Calculate the greatest common factor of 63 and 14.
7
What is the greatest common factor of 2630 and 10?
10
Calculate the highest common divisor of 201 and 670.
67
What is the highest common factor of 312 and 507?
39
What is the greatest common factor of 5 and 575?
5
What is the highest common divisor of 16218 and 306?
306
What is the greatest common divisor of 429 and 52?
13
What is the greatest common factor of 2139 and 1767?
93
Calculate the highest common factor of 324 and 84.
12
What is the greatest common divisor of 911 and 1?
1
Calculate the highest common factor of 30 and 10.
10
What is the highest common divisor of 6222 and 918?
102
What is the greatest common divisor of 780 and 60?
60
Calculate the greatest common divisor of 22 and 38.
2
Calculate the greatest common divisor of 138 and 6.
6
Calculate the greatest common factor of 1121 and 59.
59
Calculate the greatest common divisor of 48 and 1272.
24
Calculate the greatest common divisor of 1430 and 3080.
110
What is the greatest common divisor of 54 and 96?
6
Calculate the highest common divisor of 159 and 3.
3
What is the highest common divisor of 80 and 5840?
80
Calculate the greatest common factor of 279 and 18.
9
Calculate the highest common factor of 119 and 301.
7
What is the highest common divisor of 15 and 735?
15
Calculate the greatest common factor of 4355 and 65.
65
Calculate the highest common factor of 110 and 154.
22
What is the highest common factor of 17 and 289?
17
Calculate the highest common factor of 693 and 63.
63
Calculate the highest common divisor of 22 and 54.
2
Calculate the highest common divisor of 216 and 378.
54
Calculate the highest common factor of 481 and 1521.
13
Calculate the highest common divisor of 297 and 66.
33
Calculate the greatest common factor of 332 and 48.
4
What is the greatest common factor of 23 and 3841?
23
Calculate the highest common factor of 81 and 243.
81
What is the highest common factor of 141 and 2303?
47
What is the highest common factor of 451 and 4305?
41
Calculate the highest common factor of 3 and 81.
3
What is the highest common factor of 165 and 1265?
55
Calculate the highest common divisor 